{"id":289,"date":"2015-02-16T14:08:57","date_gmt":"2015-02-16T12:08:57","guid":{"rendered":"http:\/\/www.kymatic.es\/web\/?page_id=289"},"modified":"2015-02-20T13:04:09","modified_gmt":"2015-02-20T11:04:09","slug":"kymatic-allo-soluciones-ip","status":"publish","type":"page","link":"https:\/\/www.kymatic.es\/web\/kymatic-allo-soluciones-ip\/","title":{"rendered":"ALLO &#8211; Soluciones IP &#8211; PBX &#8211; Seguridad SIP"},"content":{"rendered":"<h1 class=\"content-title\" style=\"font-weight: lighter; color: #3d3226;\">ALLO &#8211; Potenciando su negocio<\/h1>\n<h1 class=\"content-title\" style=\"font-weight: lighter; color: #3d3226;\">la Soluci\u00f3n\u00a0Tarjetas de telefon\u00eda, Gateways, PBXs y ATAs<\/h1>\n<hr \/>\n<p>&nbsp;<\/p>\n<div class='one_half'>\n\t\t\t\t\t<p><a style=\"color: #2a69b4;\" href=\"http:\/\/allo.com\/digital-telephony-cards.html?affId=185420\"><img decoding=\"async\" src=\"http:\/\/allo.com\/img-files\/products\/pri-card-2nd-gen\/PRI-Card-2nd-gen.jpg\" alt=\"Tarjetas de telefon\u00eda digital\" align=\"top\" \/><\/a><\/p>\n<h2 style=\"color: #2a69b4;\"><a style=\"color: #2a69b4;\" href=\"http:\/\/allo.com\/digital-telephony-cards.html?affId=185420\"> Tarjetas de telefon\u00eda digital<\/a><\/h2>\n<ul>\n<ul>\n<ul>\n<li><a style=\"color: #2a69b4;\" href=\"http:\/\/allo.com\/pri-upgradable-card.html?affId=185420\">Actualizable tarjeta PRI (1\/2\/4 Puertos)<\/a><\/li>\n<li><a style=\"color: #2a69b4;\" href=\"http:\/\/allo.com\/pri-four-port-card.html?affId=185420\">4 Puerto de la tarjeta PRI PCI-PCIe Card Interchangable<\/a><\/li>\n<li><a style=\"color: #2a69b4;\" href=\"http:\/\/allo.com\/pri-eight-port-card.html?affId=185420\">8 Tarjeta de Puerto PRI<\/a><\/li>\n<li><a style=\"color: #2a69b4;\" href=\"http:\/\/allo.com\/isdn-bri-card.html?affId=185420\">Tarjeta BRI (2\/4 Puertos)<\/a><\/li>\n<li><a style=\"color: #2a69b4;\" href=\"http:\/\/allo.com\/gsm-card.html?affId=185420\">Tarjeta GSM (1-4 M\u00f3dulos)<\/a><\/li>\n<li><a style=\"color: #2a69b4;\" href=\"http:\/\/allo.com\/transcoding-card.html?affId=185420\">Tarjeta de transcodificaci\u00f3n<\/a><\/li>\n<li><a style=\"color: #2a69b4;\" href=\"http:\/\/allo.com\/analog-active-card.html?affId=185420\">Analog tarjeta activa<\/a><\/li>\n<li><a style=\"color: #2a69b4;\" href=\"http:\/\/allo.com\/lec-modules.html?affId=185420\">M\u00f3dulos LEC<\/a><\/li>\n<\/ul>\n<\/ul>\n<\/ul>\n\t\t\t\t<\/div>\n<div class='one_half et_column_last'>\n\t\t\t\t\t<a style=\"color: #2a69b4;\" href=\"http:\/\/allo.com\/voip-gateways.html?affId=185420\"><img decoding=\"async\" src=\"http:\/\/allo.com\/img-files\/products\/Analog-gateway\/analog-gateway-small.png\" alt=\"Gateways VoIP\" \/><\/a><\/p>\n<h2 style=\"color: #2a69b4;\"><a style=\"color: #2a69b4;\" href=\"http:\/\/allo.com\/voip-gateways.html?affId=185420\">Gateways VoIP<\/a><\/h2>\n<ul>\n<ul>\n<ul>\n<li><a style=\"color: #2a69b4;\" href=\"http:\/\/allo.com\/gsm-voip-gateway.html?affId=185420\">Gateway GSM<\/a><\/li>\n<li><a style=\"color: #2a69b4;\" href=\"http:\/\/allo.com\/analog-gateway.html?affId=185420\">Analog Gateway (4, 8 y 16 puertos)<\/a><\/li>\n<li><a style=\"color: #2a69b4;\" href=\"http:\/\/allo.com\/pri-voip-gateway.html?affId=185420\">E1 \/ T1 PRI de Gateway<\/a><\/li>\n<li><a style=\"color: #2a69b4;\" href=\"http:\/\/allo.com\/isdn-bri-voip-gateway.html?affId=185420\">ISDN BRI Gateway (4 y 8 puertos)<\/a><\/li>\n<\/ul>\n<\/ul>\n<\/ul>\n\t\t\t\t<\/div><div class='clear'><\/div>\n<div class='one_half'>\n\t\t\t\t\t<a style=\"color: #2a69b4;\" href=\"http:\/\/allo.com\/security-devices.html?affId=185420\"><img decoding=\"async\" src=\"http:\/\/allo.com\/img-files\/products\/stm\/img-stm.jpg\" alt=\"Threat Management SIP\" \/><\/a><\/p>\n<h2 style=\"color: #2a69b4;\"><a style=\"color: #2a69b4;\" href=\"http:\/\/allo.com\/security-devices.html?affId=185420\">Seguridad SIP &#8211; Threat Management SIP<\/a><\/h2>\n<ul>\n<ul>\n<ul>\n<li><a style=\"color: #2a69b4;\" href=\"http:\/\/allo.com\/stm.html?affId=185420\">IP PBX Firewall (STM)<\/a><\/li>\n<li><a style=\"color: #2a69b4;\" href=\"http:\/\/allo.com\/utm.html?affId=185420\">Unified Threat Manager<\/a><\/li>\n<li><a style=\"color: #2a69b4;\" href=\"http:\/\/allo.com\/sbc.html?affId=185420\">Session Border Controller<\/a><\/li>\n<\/ul>\n<\/ul>\n<\/ul>\n\t\t\t\t<\/div>\n<p><div class='one_half et_column_last'>\n\t\t\t\t\t<a style=\"color: #2a69b4;\" href=\"http:\/\/allo.com\/pbx-systems.html?affId=185420\"><img decoding=\"async\" src=\"http:\/\/allo.com\/img-files\/products\/nanopbx\/img-nanopbx.jpg\" alt=\"Sistemas PBX\" \/><\/a><\/p>\n<h2 style=\"color: #2a69b4;\"><a style=\"color: #2a69b4;\" href=\"http:\/\/allo.com\/pbx-systems.html?affId=185420\">Sistemas PBX<\/a><\/h2>\n<ul>\n<ul>\n<ul>\n<li><a style=\"color: #2a69b4;\" href=\"http:\/\/allo.com\/pstn-voip-pbx.html?affId=185420\">8 puertos anal\u00f3gicos (FSX \/ FXO) y VoIP Asterisk PBX<\/a><\/li>\n<li><a style=\"color: #2a69b4;\" href=\"http:\/\/allo.com\/megapbx-line.html?affId=185420\">IP \/ PRI \/ FXS \/ BRI PBX<\/a><\/li>\n<\/ul>\n<\/ul>\n<\/ul>\n\t\t\t\t<\/div><div class='clear'><\/div><br \/>\n<div class='one_half'>\n\t\t\t\t\t<a style=\"color: #2a69b4;\" href=\"http:\/\/allo.com\/atas.html?affId=185420\"><img decoding=\"async\" src=\"http:\/\/allo.com\/img-files\/products\/ata\/img-ata-cra210.jpg\" alt=\"Adaptadores de tel\u00e9fono anal\u00f3gico\" \/><\/a><\/p>\n<h2 style=\"color: #2a69b4;\"><a style=\"color: #2a69b4;\" href=\"http:\/\/allo.com\/atas.html?affId=185420\"> Adaptadores de tel\u00e9fono anal\u00f3gico \/ ATA <\/a><\/h2>\n<ul>\n<ul>\n<ul>\n<li><a style=\"color: #ff9c00;\" href=\"http:\/\/allo.com\/ata-cra210.html?affId=185420\"><span class=\"goog-text-highlight\">CRA 210<\/span><\/a><\/li>\n<\/ul>\n<\/ul>\n<\/ul>\n\t\t\t\t<\/div><\/p>\n","protected":false},"excerpt":{"rendered":"<p>Soluciones para potenciar su negocio usando IP la Soluci\u00f3n Tarjetas de telefon\u00eda, Gateways, PBXs y ATAs;  tel\u00e9fonos SIP virtuales\/f\u00edsicos de SIP est\u00e1ndar, servicios VOIP y l\u00edneas telef\u00f3nicas tradicionales.<\/p>\n","protected":false},"author":1,"featured_media":294,"parent":0,"menu_order":0,"comment_status":"closed","ping_status":"closed","template":"","meta":{"_et_pb_use_builder":"","_et_pb_old_content":"","footnotes":""},"_links":{"self":[{"href":"https:\/\/www.kymatic.es\/web\/wp-json\/wp\/v2\/pages\/289"}],"collection":[{"href":"https:\/\/www.kymatic.es\/web\/wp-json\/wp\/v2\/pages"}],"about":[{"href":"https:\/\/www.kymatic.es\/web\/wp-json\/wp\/v2\/types\/page"}],"author":[{"embeddable":true,"href":"https:\/\/www.kymatic.es\/web\/wp-json\/wp\/v2\/users\/1"}],"replies":[{"embeddable":true,"href":"https:\/\/www.kymatic.es\/web\/wp-json\/wp\/v2\/comments?post=289"}],"version-history":[{"count":14,"href":"https:\/\/www.kymatic.es\/web\/wp-json\/wp\/v2\/pages\/289\/revisions"}],"predecessor-version":[{"id":307,"href":"https:\/\/www.kymatic.es\/web\/wp-json\/wp\/v2\/pages\/289\/revisions\/307"}],"wp:featuredmedia":[{"embeddable":true,"href":"https:\/\/www.kymatic.es\/web\/wp-json\/wp\/v2\/media\/294"}],"wp:attachment":[{"href":"https:\/\/www.kymatic.es\/web\/wp-json\/wp\/v2\/media?parent=289"}],"curies":[{"name":"wp","href":"https:\/\/api.w.org\/{rel}","templated":true}]}}